-7*r = -14*r + 1260. What are the prime factors of r?
2, 3, 5
Suppose -57*r - 24*r + 422172 = 0. List the prime factors of r.
2, 1303
Let b = 32 + -30. Suppose 3*x - 212 = -x + 4*r, -113 = -b*x - 5*r. Let i = x + -41. List the prime factors of i.
13
Suppose -5*z - 3*b = -0*z - 77, 0 = 5*b + 5. Let j = z + -13. Suppose 2*s = -j*o + 3*s + 99, -2*s + 154 = 5*o. List the prime factors of o.
2
Let d(u) = -u + 1. Let q be d(-3). Let a be ((-55)/(-25) - 5)/((-2)/10). Suppose q*s - a + 2 = 0. List the prime factors of s.
3
Let o(l) = -l + 28. Let q be o(24). Let p(f) = 2*f**3 - 2*f**2 + 7. List the prime factors of p(q).
103
Let f(s) = -s + 2. Let a be f(-3). Suppose -212 - 373 = -a*k. What are the prime factors of k?
3, 13
Let i = -234 + 477. List the prime factors of i.
3
Suppose 1190 - 281 = 3*d. What are the prime factors of d?
3, 101
Suppose i + 1407 = 4*i + 3*s, i = -5*s + 481. Suppose 4*m - i + 174 = 0. Let y = m - 46. List the prime factors of y.
3
Suppose 5*a + 25 = -5*o, 3*a - 5 = -o + 7*a. What are the prime factors of 81/2 + o/6?
2, 5
Suppose -22 = -3*v + 173. Suppose 0 = -2*y + 177 + v. List the prime factors of y.
11
Let q be 2/(-4)*2 - -3. Suppose q*c = -3*j - 0*j + 97, 99 = 2*c + j. Let d = c + -32. What are the prime factors of d?
2, 3
Suppose 5*f = 4*z - 9*z + 320, -5*z + 308 = -f. List the prime factors of z.
2, 31
Suppose -3*j - j + 624 = 0. Let h = j - 106. What are the prime factors of h?
2, 5
What are the prime factors of (-32)/(-5)*(-1775)/(-142)?
2, 5
Let o = 613 + -351. What are the prime factors of o?
2, 131
Let h(o) = 9*o + 6. Let i(y) = y**2 - 8*y - 5. Let r(n) = 6*h(n) + 7*i(n). Let g be r(-3). What are the prime factors of g/4 - 1/(-2)?
2, 3
Let d(c) = -c**2 + 8*c - 12. Let r be d(5). Suppose v = -r + 14. Suppose 0 = 2*n - 17 - v. What are the prime factors of n?
2, 7
Suppose -42852 + 877 = -73*r. List the prime factors of r.
5, 23
Suppose -34*z + 393 = -31*z. List the prime factors of z.
131
Suppose 337*x = 367*x - 47970. List the prime factors of x.
3, 13, 41
Let q = 282 - 120. Let d be q/(-21)*(-14)/3. What are the prime factors of 2/9 + 1000/d?
2, 7
Let a = 332 - -307. List the prime factors of a.
3, 71
Suppose -5*z + 7 = 5*x - 2*x, -5*x = 3*z - 17. Suppose -96 = -x*b - 2*b. What are the prime factors of b?
2
Let t(a) = 6 - 2*a - a**3 + 3*a + 0*a**3 + 5*a**2. Let h be t(5). Suppose h*y - 8*y - 123 = 0. What are the prime factors of y?
41
Let v = 83 + -89. What are the prime factors of ((135/v)/(-15))/(3/596)?
2, 149
Suppose -124 = -5*c + 9*c. Let t = 58 - c. List the prime factors of t.
89
Let m = 17 + 55. Suppose -9*r = -6*r + m. Let l = r - -40. List the prime factors of l.
2
Let m = 140 + -136. What are the prime factors of (m + -2)*122 + 3?
13, 19
Suppose -59*k + 129942 + 142520 = 0. List the prime factors of k.
2, 2309
Let w be 10/(-15) + 100/6. Suppose 5*i - w = 29. Suppose 0 = 2*l - 4*h - 17 - i, -3*l = h - 60. List the prime factors of l.
19
Let b = 38 + -54. Let w(x) = -17*x - 38. Let c be w(-4). List the prime factors of c*b*4/(-40).
2, 3
What are the prime factors of ((-24)/(-54))/(2*3/27243)?
2, 1009
List the prime factors of (799/68)/(3/264).
2, 11, 47
Let t = 2825 + -1074. What are the prime factors of t?
17, 103
Let i = 99 - 97. Suppose -3*s - 22 = -k + i, 2*k - s - 23 = 0. List the prime factors of k.
3
Suppose -3*c = -604 - 380. Suppose 47 = 3*d - c. What are the prime factors of d?
5
Let s(x) = 6*x**2 + 28*x + 248. List the prime factors of s(-14).
2, 3, 43
Let c = 570 - -480. What are the prime factors of c?
2, 3, 5, 7
Let w(k) = k**3 + 14*k**2 + 2. Let m be w(-14). Suppose 153 = -d + m*d + 2*h, 303 = 2*d + h. What are the prime factors of d?
151
Let b(u) be the first derivative of u**4/4 + 8*u**3/3 - 2*u**2 + 8*u + 1. What are the prime factors of b(-8)?
2, 5
Suppose -22*n + 1459 = 3*a - 20*n, -5*a = n - 2427. What are the prime factors of a?
5, 97
Suppose 2*c - 3*t + 34 = 207, 3*c - 262 = 4*t. List the prime factors of c.
2, 47
Let p = -16 + 16. Suppose -2*o = -p*o - 64. List the prime factors of o.
2
Suppose 3*g = 350 + 2365. What are the prime factors of g?
5, 181
Let n = -19 + 22. Suppose 2*o = -n*o + 45. What are the prime factors of o?
3
Let t = -1525 + 2427. List the prime factors of t.
2, 11, 41
Let a = -109 + 149. Suppose 8 = -l + a. What are the prime factors of l?
2
Suppose r = -2*f + 3*f + 7, -18 = -4*r - f. Let v(k) = 4*k**2 + 10*k - 20. What are the prime factors of v(r)?
2, 5, 13
Suppose -f = 0, -4*u + 64 = -3*f + f. List the prime factors of (2 + u/(-6))/((-20)/690).
23
Suppose b + 4 = 4*t, -2*b - 3 + 1 = -5*t. Suppose -3*g + 24 = 3*v, t*g - 37 = 4*v + v. List the prime factors of g.
11
Let h(t) = 3*t**2 - 4*t. Let a be h(3). Suppose -a = -3*y - b, -5*y + b = -23 - 10. Suppose 25 = -y*g + 11*g. List the prime factors of g.
5
Suppose 5293 = 10*y - 57. What are the prime factors of y?
5, 107
Suppose -3*x + 57 = 51. Suppose -2*s - 20 = -x*j - 3*j, -3*j - 5*s + 12 = 0. What are the prime factors of j?
2
Suppose -4*w = q - 36, w - 2*w - 72 = -2*q. Suppose q = -3*s + 132. Let n = 45 - s. What are the prime factors of n?
13
Let k = 5219 - 3662. List the prime factors of k.
3, 173
Let o(q) = -q**3 + 3*q**2 - q. Let i be o(2). Let y(x) = x - 3. Let p be y(3). List the prime factors of 19/(1/i - p).
2, 19
Let l be 90/27 - 2/6. Suppose -9*x + l*x = -276. What are the prime factors of x?
2, 23
Suppose -4*a = 3*d - 6090, 3*d - 5*a = 4*d - 2041. What are the prime factors of d?
2, 1013
Suppose -c + 153 + 96 = i, c - 5*i - 255 = 0. List the prime factors of c.
2, 5
Suppose 2*q + 2*f = 482, 5*f + 299 = 3*q - 456. List the prime factors of q.
5, 7
Suppose 2612 = 5*h + 3*q, q = -5 + 9. What are the prime factors of h?
2, 5, 13
Let d = 2749 + -1436. List the prime factors of d.
13, 101
Let v(a) be the third derivative of 0 + 0*a + 1/3*a**3 + 4*a**2 + 5/24*a**4. List the prime factors of v(3).
17
Let f be (-1)/(-2)*(166 - 2). Let i = f - 49. List the prime factors of i.
3, 11
Let y(p) = 31*p + 9. Let i be y(-5). Let o = i + 326. What are the prime factors of o?
2, 3, 5
Let x(v) = -1377*v - 319. What are the prime factors of x(-3)?
2, 953
Let c(m) = 11*m**2 + m - 26. What are the prime factors of c(-6)?
2, 7, 13
Let p = -572 + 1123. List the prime factors of p.
19, 29
Let h(x) = 30*x - 27. List the prime factors of h(18).
3, 19
Suppose 3*f - 12 + 0 = 0. Let x = 6 - f. Suppose -8 = -4*m + 3*g, x*m + 3*g = 5*g + 4. List the prime factors of m.
2
Suppose -30*d + 25*d + 6880 = 0. What are the prime factors of d?
2, 43
Suppose -2*a + 1034 = 2*k, 3*k + 50 = 2*a + 1596. What are the prime factors of k?
2, 3, 43
Let y(f) = -f**3 - 5*f**2 + 2. Let c be y(-5). Suppose 2*m + c*o - 3*o - 118 = 0, 0 = 4*m + o - 242. What are the prime factors of m?
2, 3, 5
Let c(p) be the second derivative of -p**3/2 + 2*p**2 - 2*p - 25. Let v be (-1 - 1)*(-10)/(-4). List the prime factors of c(v).
19
Let a = 18415 + -13148. List the prime factors of a.
23, 229
Let v(a) = 54*a. Suppose -4*t - 3 = -7*t. Let z be v(t). Let g = z - 25. List the prime factors of g.
29
Let b(x) = 19*x + 13. Let q be b(8). Suppose -q = 3*n - 0*n. What are the prime factors of ((-1)/(-1))/((-5)/n)?
11
Suppose 3*z - n = -2*n + 32, 0 = -2*z + 3*n + 3. Suppose o - z = -2*o. Suppose 4*a = 0, -o*w + 3*a + 39 = a. List the prime factors of w.
13
Suppose -52*s + 3245 = -41*s. List the prime factors of s.
5, 59
Suppose 2*u - 8*u = -3222. List the prime factors of u.
3, 179
Suppose -2*q + 24 = -q - 3*z, -q + 2*z = -23. Suppose 0*u - 5859 = -q*u. List the prime factors of u.
3, 31
Suppose 2*b = 3*b - 6. Suppose 137 - 725 = -b*s. What are the prime factors of s?
2, 7
Suppose -290*t - 3616 = -298*t. List the prime factors of t.
2, 113
Suppose 0 = 2*r + 10, 0 = -g + 6*g - 3*r - 2330. List the prime factors of g.
463
List the prime factors of 358*(-7)/21*-3.
2, 179
Suppose -f = -4*f + 63. Let n be 111/f - 4/14. List the prime factors of n/(-1)*1*-4.
2, 5
What are the prime factors of (0 + -7)*1 - -692?
5, 137
Let m = 8 - 8. Suppose 4*g + a + 4*a - 217 = m, -4*g + 177 = -3*a. What are the prime factors of g?
2, 3
Let q(z) = z**3 + z + 5. Let h be q(0). Suppose -h*a + 6 = -3*k, -3*a + k - 6 = 4*k. What are the prime factors of -1*(-21 - (a - -2))?
23
Let l = 366 + 4